{"id":280,"date":"2025-01-31T11:56:56","date_gmt":"2025-01-31T10:56:56","guid":{"rendered":"https:\/\/dev01.lliuretic.cat\/webshopavd\/?page_id=280"},"modified":"2025-04-15T11:30:53","modified_gmt":"2025-04-15T09:30:53","slug":"politica-de-privacidad-y-cookies","status":"publish","type":"page","link":"https:\/\/dev01.lliuretic.cat\/avd\/webshopavd\/politica-de-privacidad-y-cookies\/","title":{"rendered":"Pol\u00edtica de privacidad y cookies"},"content":{"rendered":"<div class=\"fusion-fullwidth fullwidth-box fusion-builder-row-1 fusion-flex-container nonhundred-percent-fullwidth non-hundred-percent-height-scrolling\" style=\"--awb-border-radius-top-left:0px;--awb-border-radius-top-right:0px;--awb-border-radius-bottom-right:0px;--awb-border-radius-bottom-left:0px;--awb-flex-wrap:wrap;\" ><div class=\"fusion-builder-row fusion-row fusion-flex-align-items-flex-start fusion-flex-content-wrap\" style=\"max-width:1248px;margin-left: calc(-4% \/ 2 );margin-right: calc(-4% \/ 2 );\"><div class=\"fusion-layout-column fusion_builder_column fusion-builder-column-0 fusion_builder_column_1_1 1_1 fusion-flex-column\" style=\"--awb-bg-size:cover;--awb-width-large:100%;--awb-margin-top-large:0px;--awb-spacing-right-large:1.92%;--awb-margin-bottom-large:0px;--awb-spacing-left-large:1.92%;--awb-width-medium:100%;--awb-spacing-right-medium:1.92%;--awb-spacing-left-medium:1.92%;--awb-width-small:100%;--awb-spacing-right-small:1.92%;--awb-spacing-left-small:1.92%;\"><div class=\"fusion-column-wrapper fusion-flex-justify-content-flex-start fusion-content-layout-column\"><div class=\"fusion-text fusion-text-1\"><div class=\"page-title-wrapper\">\n<h1 class=\"page-title\" style=\"text-align: center;\"><span class=\"base\" data-ui-id=\"page-title-wrapper\">Pol\u00edtica de privacidad y cookies<\/span><\/h1>\n<\/div>\n<div class=\"columns\">\n<div class=\"column main\">\n<p><strong>\u00a0POLITICA DE PRIVACIDAD<\/strong><\/p>\n<p>AVD REFORM NUTRACEUTICOS SL se compromete con el cumplimiento de la normativa espa\u00f1ola de protecci\u00f3n de datos de car\u00e1cter personal, y garantiza el cumplimiento \u00edntegro de las obligaciones dispuestas, as\u00ed como la implementaci\u00f3n de las medidas de seguridad dispuestas en el art. 9 de la Ley 15\/1999, de Protecci\u00f3n de Datos de Car\u00e1cter Personal (LOPD) y en el Reglamento de Desarrollo de la LOPD.<br \/>\nAVD REFORM NUTRACEUTICOS SL pone a disposici\u00f3n de los usuarios esta Pol\u00edtica de Privacidad informando\u00a0la pol\u00edtica de protecci\u00f3n de datos personales.<\/p>\n<p><strong>Responsable del tratamiento b\u00e1sicos de los datos en el dominio:<\/strong>\u00a0www.shop.avdreform.es<br \/>\n<strong>Denominaci\u00f3n Social y Nombre Comercial:<\/strong>\u00a0AVD REFORM NUTRACEUTICOS S.L.<br \/>\n<strong>Domicilio Social:<\/strong> Carrer d&#8217;Aribau, 195, Sarri\u00e0-Sant Gervasi\u00b7 08021 BARCELONA<\/p>\n<p><strong>NIF:<\/strong> B67206292<br \/>\n<strong>Tel\u00e9fono:<\/strong>\u00a0+34\u00a0954 18 72 65<br \/>\n<strong>Correo electr\u00f3nico:<\/strong>\u00a0info@avdreform.es<br \/>\n<strong>Datos registrales de inscripci\u00f3n:\u00a0<\/strong>REGISTRO MERCANTIL DE BARCELONA, TOMO 46394 SECCION GENERAL FOLIO 207 HOJA B-518627\u00a0INSCRIPCI\u00d3N 1<\/p>\n<p>AVD REFORM NUTRACEUTICOS SL garantiza al usuario el ejercicio de los derechos de acceso, rectificaci\u00f3n, cancelaci\u00f3n, informaci\u00f3n y oposici\u00f3n, remitiendo una solicitud expresa, junto a una copia de su DNI, a trav\u00e9s de correo postal o correo electr\u00f3nico.<br \/>\nAVD REFORM NUTRACEUTICOS SL informa y garantiza expresamente a los usuarios que sus datos personales no ser\u00e1n cedidos en ning\u00fan caso a terceros sin expreso consentimiento previo, informado, e inequ\u00edvoco por parte de los titulares.<br \/>\nLos usuarios, solo cuando necesitado por la actuaci\u00f3n del servicio pedido, aceptan expresamente y de forma libre e inequ\u00edvoca que sus datos personales sean tratados por parte de AVD REFORM NUTRACEUTICOS para realizar las siguientes finalidades:<\/p>\n<ul>\n<li>Realizar estudios estad\u00edsticos.<\/li>\n<li>Tramitar encargos, solicitudes o cualquier tipo de petici\u00f3n que sea realizada por el usuario a trav\u00e9s de cualquiera de las formas de contacto que se ponen a disposici\u00f3n del usuario en el sitio web de la compa\u00f1\u00eda.<\/li>\n<\/ul>\n<p>Todos los datos solicitados a trav\u00e9s del sitio web son obligatorios, ya que son necesarios para la prestaci\u00f3n de un servicio \u00f3ptimo al usuario. En caso de que no sean facilitados todos los datos, AVD REFORM NUTRACEUTICOS SL no garantiza que la informaci\u00f3n y servicios facilitados sean completamente ajustados a sus necesidades.<\/p>\n<p>AVD REFORM NUTRACEUTICOS SL ha adoptado todas las medidas t\u00e9cnicas y organizativas necesarias para garantizar la seguridad e integridad de los datos de car\u00e1cter personal que trate, as\u00ed como para evitar su p\u00e9rdida, alteraci\u00f3n y\/o acceso por parte de terceros no autorizados.<\/p>\n<p><strong><br \/>\nPOL\u00cdTICA DE COOkIES<br \/>\n<\/strong><br \/>\nEsta web utiliza cookies para facilitar la interacci\u00f3n de sus usuarios y para poder elaborar estad\u00edsticas sobre las visitas que recibe. En cumplimiento de la Directiva 2009\/136\/CE, desarrollado en nuestro ordenamiento por el apartado segundo del art\u00edculo 22 de la Ley de Servicios de Sociedad de la Informaci\u00f3n, siguiendo las directrices de la Agencia Espa\u00f1ola de Protecci\u00f3n de Datos, procedemos a informarle detalladamente del uso que se realiza en nuestra web.<\/p>\n<p>Las cookies son peque\u00f1as cantidades de informaci\u00f3n que se almacenan en el navegador utilizado por cada usuario para que el servidor recuerde ese usuario con posterioridad cuando vuelva a relacionarse con la web. Esta informaci\u00f3n no revela su identidad, ni dato personal alguno, pero s\u00ed que permite identificarle a usted como un usuario concreto ya visit\u00f3 la web con anterioridad, visualiz\u00f3 determinadas p\u00e1ginas, etc. y permite guardar sus preferencias personales, as\u00ed como informaci\u00f3n t\u00e9cnica como pueden ser visitas o p\u00e1ginas concretas que visite.<\/p>\n<p>Si usted no desea que se almacenen cookies en su navegador o que desee recibir una informaci\u00f3n cada vez que una cookie solicite instalarse, puede configurar su navegador para que lo haga de esa forma. La mayor parte de los navegadores permiten la gesti\u00f3n de las cookies de 3 formas diferentes:<\/p>\n<p>\u2981 Las cookies se rechazan siempre<br \/>\n\u2981 El navegador pregunta si el usuario desea instalar cada cookie<br \/>\n\u2981 Las cookies se aceptan siempre<\/p>\n<p>El navegador tambi\u00e9n puede incluir la posibilidad de especificar mejor qu\u00e9 cookies tienen que ser aceptadas y cu\u00e1les no. En concreto, el usuario puede normalmente aceptar alguna de las siguientes opciones:<\/p>\n<p>\u2981 Rechazar las cookies de determinados dominios<br \/>\n\u2981 Rechazar las cookies de terceros<br \/>\n\u2981 Aceptar cookies como no persistentes (se eliminan cuando el navegador se cierra)<br \/>\n\u2981 Permitir al servidor crear cookies para un dominio diferente<\/p>\n<p>Puede encontrar informaci\u00f3n sobre c\u00f3mo configurar los navegadores m\u00e1s usados en las siguientes ubicaciones:<br \/>\n\u2981 Chrome, desde\u00a0<a href=\"http:\/\/support.google.com\/chrome\/bin\/answer.py?hl=es&amp;answer=95647\">http:\/\/support.google.com\/chrome\/bin\/answer.py?hl=es&amp;answer=95647<\/a><br \/>\n\u2981 Explorer, desde\u00a0<a href=\"http:\/\/windows.microsoft.com\/es-es\/windows7\/how-to-manage-cookies-in-internet-explorer-9\">http:\/\/windows.microsoft.com\/es-es\/windows7\/how-to-manage-cookies-in-internet-explorer-9<\/a><br \/>\n\u2981 Firefox, desde\u00a0<a href=\"http:\/\/support.mozilla.org\/es\/kb\/habilitar-y-deshabilitar-cookies-que-los-sitios-we\">http:\/\/support.mozilla.org\/es\/kb\/habilitar-y-deshabilitar-cookies-que-los-sitios-we<\/a><br \/>\n\u2981 Safari, desde\u00a0<a href=\"http:\/\/support.apple.com\/kb\/ph5042\">http:\/\/support.apple.com\/kb\/ph5042<\/a><\/p>\n<\/div>\n<\/div>\n<\/div><\/div><\/div><\/div><\/div>\n","protected":false},"excerpt":{"rendered":"","protected":false},"author":1,"featured_media":0,"parent":0,"menu_order":0,"comment_status":"closed","ping_status":"closed","template":"100-width.php","meta":{"footnotes":""},"class_list":["post-280","page","type-page","status-publish","hentry"],"_links":{"self":[{"href":"https:\/\/dev01.lliuretic.cat\/avd\/webshopavd\/wp-json\/wp\/v2\/pages\/280","targetHints":{"allow":["GET"]}}],"collection":[{"href":"https:\/\/dev01.lliuretic.cat\/avd\/webshopavd\/wp-json\/wp\/v2\/pages"}],"about":[{"href":"https:\/\/dev01.lliuretic.cat\/avd\/webshopavd\/wp-json\/wp\/v2\/types\/page"}],"author":[{"embeddable":true,"href":"https:\/\/dev01.lliuretic.cat\/avd\/webshopavd\/wp-json\/wp\/v2\/users\/1"}],"replies":[{"embeddable":true,"href":"https:\/\/dev01.lliuretic.cat\/avd\/webshopavd\/wp-json\/wp\/v2\/comments?post=280"}],"version-history":[{"count":4,"href":"https:\/\/dev01.lliuretic.cat\/avd\/webshopavd\/wp-json\/wp\/v2\/pages\/280\/revisions"}],"predecessor-version":[{"id":601,"href":"https:\/\/dev01.lliuretic.cat\/avd\/webshopavd\/wp-json\/wp\/v2\/pages\/280\/revisions\/601"}],"wp:attachment":[{"href":"https:\/\/dev01.lliuretic.cat\/avd\/webshopavd\/wp-json\/wp\/v2\/media?parent=280"}],"curies":[{"name":"wp","href":"https:\/\/api.w.org\/{rel}","templated":true}]}}