{"id":180,"date":"2025-01-24T09:25:46","date_gmt":"2025-01-24T08:25:46","guid":{"rendered":"https:\/\/dev01.lliuretic.cat\/webshopavd\/?post_type=product&#038;p=180"},"modified":"2026-04-01T09:03:12","modified_gmt":"2026-04-01T07:03:12","slug":"micotherapy-hericium","status":"publish","type":"product","link":"https:\/\/dev01.lliuretic.cat\/avd\/webshopavd\/producto\/micotherapy-hericium\/","title":{"rendered":"Micotherapy Hericium"},"content":{"rendered":"<p><img decoding=\"async\" class=\"lazyload alignnone size-medium wp-image-186\" src=\"https:\/\/dev01.lliuretic.cat\/webshopavd\/wp-content\/uploads\/2025\/01\/logoAVDProd-300x113.png\" data-orig-src=\"https:\/\/dev01.lliuretic.cat\/webshopavd\/wp-content\/uploads\/2025\/01\/logoAVDProd-300x113.png\" alt=\"\" width=\"300\" height=\"113\" srcset=\"data:image\/svg+xml,%3Csvg%20xmlns%3D%27http%3A%2F%2Fwww.w3.org%2F2000%2Fsvg%27%20width%3D%27300%27%20height%3D%27113%27%20viewBox%3D%270%200%20300%20113%27%3E%3Crect%20width%3D%27300%27%20height%3D%27113%27%20fill-opacity%3D%220%22%2F%3E%3C%2Fsvg%3E\" data-srcset=\"https:\/\/dev01.lliuretic.cat\/avd\/webshopavd\/wp-content\/uploads\/2025\/01\/logoAVDProd-64x24.png 64w, https:\/\/dev01.lliuretic.cat\/avd\/webshopavd\/wp-content\/uploads\/2025\/01\/logoAVDProd-200x75.png 200w, https:\/\/dev01.lliuretic.cat\/avd\/webshopavd\/wp-content\/uploads\/2025\/01\/logoAVDProd-300x113.png 300w, https:\/\/dev01.lliuretic.cat\/avd\/webshopavd\/wp-content\/uploads\/2025\/01\/logoAVDProd-400x150.png 400w, https:\/\/dev01.lliuretic.cat\/avd\/webshopavd\/wp-content\/uploads\/2025\/01\/logoAVDProd-500x188.png 500w, https:\/\/dev01.lliuretic.cat\/avd\/webshopavd\/wp-content\/uploads\/2025\/01\/logoAVDProd-600x225.png 600w, https:\/\/dev01.lliuretic.cat\/avd\/webshopavd\/wp-content\/uploads\/2025\/01\/logoAVDProd-700x263.png 700w, https:\/\/dev01.lliuretic.cat\/avd\/webshopavd\/wp-content\/uploads\/2025\/01\/logoAVDProd-768x288.png 768w, https:\/\/dev01.lliuretic.cat\/avd\/webshopavd\/wp-content\/uploads\/2025\/01\/logoAVDProd.png 800w\" data-sizes=\"auto\" data-orig-sizes=\"(max-width: 300px) 100vw, 300px\" \/><br \/>\n<strong>Micotherapy Hericium <\/strong><br \/>\nComplemento alimenticio a base de Hericium erinaceus de agricultura ecol\u00f3gica (IT BIO 006) &#8211; Made in Europe. Llamado tambi\u00e9n \u201cLion\u2019s mane\u201d (melena de le\u00f3n) o \u201cMonkey\u2019s mushroom\u00bb (seta del mono), el Hericium presenta propiedades antiinflamatorias y cicatrizantes y tradicionalmente se utiliza para todas las problem\u00e1ticas g\u00e1stricas pero tambi\u00e9n para favorecer el mantenimiento de las normales funciones cognitivas.<\/p>\n<p><strong>Propiedades<\/strong><\/p>\n<p>El Hericium es el hongo del aparato digestivo y del sistema nervioso. Rico en vitaminas y minerales, tradicionalmente se utiliza para las problem\u00e1ticas afecciones g\u00e1stricas, gracias a su actividad antiinflamatoria, cicatrizante y a la capacidad de regeneraci\u00f3n de las mucosas. Estudios iniciados en 1991 han permitido identificar en Hericium erinaceus compuestos de bajo peso molecular, las erinacinas y las hericinonas, capaces de atravesar la barrera hematoencef\u00e1lica y de estimular la regeneraci\u00f3n miel\u00ednica, favoreciendo el mantenimiento de las normales funciones cognitivas.<\/p>\n<p><strong>Ingredientes<\/strong><\/p>\n<p>Hericium erinaceus de agricultura ecol\u00f3gica, seta entera pulverizada y extracto seco titulado al 50% en polisac\u00e1ridos<\/p>\n<p><strong>Modo de empleo<\/strong><\/p>\n<p>1 c\u00e1psula tres veces al d\u00eda, preferentemente alejada de las comidas.<\/p>\n<p><strong>Envase<\/strong><\/p>\n<p>de 30 y 90 c\u00e1psulas<\/p>\n","protected":false},"excerpt":{"rendered":"<p>Complemento alimenticio a base de Hericium erinaceus de agricultura ecol\u00f3gica (IT BIO 006) &#8211; Made in Europe. Llamado tambi\u00e9n \u201cLion\u2019s mane\u201d (melena de le\u00f3n) o \u201cMonkey\u2019s mushroom\u00bb (seta del mono), el Hericium presenta propiedades antiinflamatorias y cicatrizantes y tradicionalmente se utiliza para todas las problem\u00e1ticas g\u00e1stricas pero tambi\u00e9n para favorecer el mantenimiento de las normales funciones cognitivas.<\/p>\n","protected":false},"featured_media":556,"template":"","meta":[],"product_brand":[],"product_cat":[34,27,30,18],"product_tag":[],"class_list":{"0":"post-180","1":"product","2":"type-product","3":"status-publish","4":"has-post-thumbnail","6":"product_cat-disbiosis-intestinal","7":"product_cat-estomago","8":"product_cat-la-flora-intestinal","9":"product_cat-linea-micotherapy","11":"first","12":"instock","13":"sale","14":"taxable","15":"shipping-taxable","16":"purchasable","17":"product-type-simple"},"_links":{"self":[{"href":"https:\/\/dev01.lliuretic.cat\/avd\/webshopavd\/wp-json\/wp\/v2\/product\/180","targetHints":{"allow":["GET"]}}],"collection":[{"href":"https:\/\/dev01.lliuretic.cat\/avd\/webshopavd\/wp-json\/wp\/v2\/product"}],"about":[{"href":"https:\/\/dev01.lliuretic.cat\/avd\/webshopavd\/wp-json\/wp\/v2\/types\/product"}],"wp:featuredmedia":[{"embeddable":true,"href":"https:\/\/dev01.lliuretic.cat\/avd\/webshopavd\/wp-json\/wp\/v2\/media\/556"}],"wp:attachment":[{"href":"https:\/\/dev01.lliuretic.cat\/avd\/webshopavd\/wp-json\/wp\/v2\/media?parent=180"}],"wp:term":[{"taxonomy":"product_brand","embeddable":true,"href":"https:\/\/dev01.lliuretic.cat\/avd\/webshopavd\/wp-json\/wp\/v2\/product_brand?post=180"},{"taxonomy":"product_cat","embeddable":true,"href":"https:\/\/dev01.lliuretic.cat\/avd\/webshopavd\/wp-json\/wp\/v2\/product_cat?post=180"},{"taxonomy":"product_tag","embeddable":true,"href":"https:\/\/dev01.lliuretic.cat\/avd\/webshopavd\/wp-json\/wp\/v2\/product_tag?post=180"}],"curies":[{"name":"wp","href":"https:\/\/api.w.org\/{rel}","templated":true}]}}