{"id":203,"date":"2025-01-24T11:59:55","date_gmt":"2025-01-24T10:59:55","guid":{"rendered":"https:\/\/dev01.lliuretic.cat\/webshopavd\/?post_type=product&#038;p=203"},"modified":"2026-04-01T09:03:11","modified_gmt":"2026-04-01T07:03:11","slug":"micotherapy-u-care","status":"publish","type":"product","link":"https:\/\/dev01.lliuretic.cat\/avd\/webshopavd\/producto\/micotherapy-u-care\/","title":{"rendered":"Micotherapy U-CARE"},"content":{"rendered":"<p><strong>Micptherapy U-CARE<\/strong><\/p>\n<p>Micotherapy U-CARE\u00ae es una mezcla patentada de AVD REFORM a base de extractos hidroalcoh\u00f3licos concentrados de 5 hongos tradicionalmente considerados \u00abmedicinales\u00bb: Reishi (Ganoderma lucidum), Maitake (Grifola frondosa), Agaricus blazei, Cordyceps sinensis, Shiitake (Lentinula edodes), con una acci\u00f3n sin\u00e9rgica completa que favorece el sistema inmunol\u00f3gico. La sinergia de los betaglucanos obtenidos de diferentes especies de hongos permite una acci\u00f3n m\u00e1s completa sobre el sistema inmunol\u00f3gico.<\/p>\n<p><strong>Propiedades<\/strong><\/p>\n<p>Esta f\u00f3rmula especialmente dise\u00f1ada contiene polisac\u00e1ridos (\u03b2-glucanos \u03b2 1,3 &#8211; \u03b2 1,6) con alta actividad inmunomoduladora, triterpenos, ergotione\u00edna, ergosteroles y muchos otros compuestos biol\u00f3gicamente activo para dar soporte de la salud del organismo.<\/p>\n<p>Cada extracto de los hongos medicinales contenidos en U-CARE ha demostrado poseer actividad inmunomoduladora, fortalece la microbiota, para reducir la inflamaci\u00f3n y mejorar protecci\u00f3n antioxidante, factores que juntos pueden mejorar la calidad de vida del paciente oncol\u00f3gico.<\/p>\n<p><strong>Propiedades de sus componentes y acci\u00f3n fisiol\u00f3gica<\/strong><\/p>\n<p><strong> Soporte inmunitario:<\/strong> Los \u03b2-glucanos \u03b21,3-\u03b21,6 solubles presentes en U-CARE, gracias a su estructura terciaria de triple h\u00e9lice y a la elevada heterogeneidad conformacional, potencia el sistema inmunitario. El enlace \u03b2-glucano-receptor determina la activaci\u00f3n de cascadas espec\u00edficas de se\u00f1al intracelular asociadas a la funci\u00f3n inmunitaria. Por esta raz\u00f3n, para obtener una importante inmunomodulaci\u00f3n, se hace \u00fatil combinar diferentes \u03b2-glucanos obtenidos de varias especies de hongos.<\/p>\n<p><strong>Fortalecimiento microbiota intestinal:<\/strong> Las alteraciones de la microbiota del tracto gastrointestinal pueden estar asociadas con enfermedades cr\u00f3nicas, pueden interferir con la evoluci\u00f3n oncol\u00f3gica y alterar la respuesta terap\u00e9utica.<\/p>\n<p>Los hongos medicinales tienen una elevada acci\u00f3n prebi\u00f3tica. Su acci\u00f3n sobre la microbiota es atribuible a los \u03b2-glucanos, aminoglicanos, trehalosa y a los polifenoles.. Los \u03b2-glucanos entonces realizan una actividad bifidog\u00e9nica (tambi\u00e9n de B.infantis), aumentando la robustez y la biodiversidad de la microbiota, producci\u00f3n de \u00e1cidos grasos de cadena corta (SCFA), mejorando la integridad de la mucosa, la absorci\u00f3n de nutrientes y la respuesta a los f\u00e1rmacos.<\/p>\n<p><strong>Sinergia con inmunoterapia:<\/strong> Algunos estudios con \u03b2-glucanos y anticuerpos contra PDL-1, un ant\u00edgeno presente en las c\u00e9lulas tumorales con una acci\u00f3n inmunosupresora del sistema inmunitario adaptativo, han demostrado la capacidad de los \u03b2-glucanos para mejorar la eficacia de la inmunoterapia, sensibilizando la c\u00e9lula diana y mejorando su reconocimiento por los linfocitos T a trav\u00e9s de la mejora del microambiente tumoral.<\/p>\n<p><strong>Modulaci\u00f3n de microambiente tumoral:<\/strong> Los \u03b2-glucanos de los hongos son reguladores y act\u00faan sobre el microambiente tumoral, reduciendo la inflamaci\u00f3n y modulando la actividad de los macr\u00f3fagos, fibroblastos, reduciendo la producci\u00f3n de metaloproteinasas de matriz (MMP), inhibiendo neoangiog\u00e9nesis, la migraci\u00f3n e invasi\u00f3n celular.<\/p>\n<p><strong>Ingredientes<\/strong><\/p>\n<p>Mezcla de betaglucanos extra\u00eddos de:<\/p>\n<ul>\n<li style=\"list-style-type: none;\">\n<ul>&#8211; Agaricus blazei<\/ul>\n<\/li>\n<\/ul>\n<p>&nbsp;<\/p>\n<ul>\n<li style=\"list-style-type: none;\">\n<ul>&#8211; Cordyceps sinensis<\/ul>\n<\/li>\n<\/ul>\n<p>&nbsp;<\/p>\n<ul>\n<li style=\"list-style-type: none;\">\n<ul>&#8211; Ganoderma lucidum<\/ul>\n<\/li>\n<\/ul>\n<p>&nbsp;<\/p>\n<ul>\n<li style=\"list-style-type: none;\">\n<ul>&#8211; Grifola frondosa<\/ul>\n<\/li>\n<\/ul>\n<p>&nbsp;<\/p>\n<ul>&#8211; Lentinula edodes<\/ul>\n<p><strong>Dosis Recomendada<\/strong><\/p>\n<p>2 c\u00e1psulas al d\u00eda, preferiblemente entre comidas. Se recomienda la ingesta simult\u00e1nea de vitamina C.<\/p>\n","protected":false},"excerpt":{"rendered":"<p>Micotherapy U-CARE\u00ae es una mezcla patentada de AVD REFORM a base de extractos hidroalcoh\u00f3licos concentrados de 5 hongos tradicionalmente considerados \u00abmedicinales\u00bb: Reishi (Ganoderma lucidum), Maitake (Grifola frondosa), Agaricus blazei, Cordyceps sinensis, Shiitake (Lentinula edodes), con una acci\u00f3n sin\u00e9rgica completa que favorece el sistema inmunol\u00f3gico. La sinergia de los betaglucanos obtenidos de diferentes especies de hongos permite una acci\u00f3n m\u00e1s completa sobre el sistema inmunol\u00f3gico<\/p>\n","protected":false},"featured_media":547,"template":"","meta":[],"product_brand":[],"product_cat":[18],"product_tag":[],"class_list":{"0":"post-203","1":"product","2":"type-product","3":"status-publish","4":"has-post-thumbnail","6":"product_cat-linea-micotherapy","8":"first","9":"instock","10":"sale","11":"taxable","12":"shipping-taxable","13":"purchasable","14":"product-type-simple"},"_links":{"self":[{"href":"https:\/\/dev01.lliuretic.cat\/avd\/webshopavd\/wp-json\/wp\/v2\/product\/203","targetHints":{"allow":["GET"]}}],"collection":[{"href":"https:\/\/dev01.lliuretic.cat\/avd\/webshopavd\/wp-json\/wp\/v2\/product"}],"about":[{"href":"https:\/\/dev01.lliuretic.cat\/avd\/webshopavd\/wp-json\/wp\/v2\/types\/product"}],"wp:featuredmedia":[{"embeddable":true,"href":"https:\/\/dev01.lliuretic.cat\/avd\/webshopavd\/wp-json\/wp\/v2\/media\/547"}],"wp:attachment":[{"href":"https:\/\/dev01.lliuretic.cat\/avd\/webshopavd\/wp-json\/wp\/v2\/media?parent=203"}],"wp:term":[{"taxonomy":"product_brand","embeddable":true,"href":"https:\/\/dev01.lliuretic.cat\/avd\/webshopavd\/wp-json\/wp\/v2\/product_brand?post=203"},{"taxonomy":"product_cat","embeddable":true,"href":"https:\/\/dev01.lliuretic.cat\/avd\/webshopavd\/wp-json\/wp\/v2\/product_cat?post=203"},{"taxonomy":"product_tag","embeddable":true,"href":"https:\/\/dev01.lliuretic.cat\/avd\/webshopavd\/wp-json\/wp\/v2\/product_tag?post=203"}],"curies":[{"name":"wp","href":"https:\/\/api.w.org\/{rel}","templated":true}]}}