{"id":228,"date":"2025-01-27T11:15:10","date_gmt":"2025-01-27T10:15:10","guid":{"rendered":"https:\/\/dev01.lliuretic.cat\/webshopavd\/?post_type=product&#038;p=228"},"modified":"2026-03-10T12:10:45","modified_gmt":"2026-03-10T11:10:45","slug":"melacol","status":"publish","type":"product","link":"https:\/\/dev01.lliuretic.cat\/avd\/webshopavd\/producto\/melacol\/","title":{"rendered":"Melacol"},"content":{"rendered":"<p><strong>Melacol<\/strong><br \/>\nMelacol es un complemento alimentario a base de extracto polifen\u00f3lico de manzana Annurca Campana IGP (Annurcomplex\u00ae) y extracto seco de olivo que favorece el metabolismo lip\u00eddico.<\/p>\n<p><strong>Propiedades<\/strong><\/p>\n<p>Un estudio retrospectivo observacional llevado a cabo por Departamento de Cirug\u00eda de la Universidad de M\u00f3dena, en pacientes con hipercolesterolemia leve y moderada tratados con Melacol, mostr\u00f3 una reducci\u00f3n del colesterol total (CT), LDL y una reducci\u00f3n de los \u00edndices de riesgo cardiovascular.<\/p>\n<p>No se informaron efectos adversos durante toda la duraci\u00f3n del tratamiento.<\/p>\n<p>El beneficio sobre el metabolismo de los l\u00edpidos se determin\u00f3 mediante la combinaci\u00f3n de los dos extractos, mediante la regulaci\u00f3n del estr\u00e9s oxidativo celular y la captaci\u00f3n de mol\u00e9culas de colesterol.<\/p>\n<p><strong>Ingredientes<\/strong><\/p>\n<ul>\n<li style=\"list-style-type: none;\">\n<ul>&#8211; AnnurComplex\u00ae extracto polifen\u00f3lico concentrado de manzana Annurca Campana IGP<\/ul>\n<\/li>\n<\/ul>\n<p>&nbsp;<\/p>\n<ul>\n<li style=\"list-style-type: none;\">\n<ul>&#8211; Extracto seco de hojas de olivo (tit. 20% oleurope\u00edna)<\/ul>\n<\/li>\n<\/ul>\n<p>&nbsp;<\/p>\n<ul>\n<li style=\"list-style-type: none;\">\n<ul>&#8211; Antiaglomerantes: s\u00edlice micronizada, estearato de magnesio<\/ul>\n<\/li>\n<\/ul>\n<p>&nbsp;<\/p>\n<ul>\n<li style=\"list-style-type: none;\">\n<ul>&#8211; C\u00e1psula vegetal<\/ul>\n<\/li>\n<\/ul>\n<p>&nbsp;<\/p>\n<ul>&#8211; Propiedades de los componentes<\/ul>\n<p><strong>AnnurComplex\u00ae:<\/strong> producto nutrac\u00e9utico a base de extracto polifen\u00f3lico concentrado de manzana Annurca Campana IGP \u00fatil para mantener niveles normales de colesterol en sangre.<\/p>\n<p><strong>Propiedades de Annurcomplex:<\/strong><\/p>\n<ul>\n<li style=\"list-style-type: none;\">\n<ul>&#8211; Ausencia de efectos secundarios t\u00edpicos de los f\u00e1rmacos y extractos (por ejemplo arroz rojo) m\u00e1s utilizados para el tratamiento de la hipercolesterolemia plasm\u00e1tica.<\/ul>\n<\/li>\n<\/ul>\n<p>&nbsp;<\/p>\n<ul>\n<li style=\"list-style-type: none;\">\n<ul>&#8211; Estudios recientes muestran que la fracci\u00f3n polifen\u00f3lica (principalmente flavonoides) de la manzana es responsable de efectos beneficiosos para la salud, entre ellos:<\/ul>\n<\/li>\n<\/ul>\n<p>&nbsp;<\/p>\n<ul>\n<li style=\"list-style-type: none;\">\n<ul>&#8211; regulaci\u00f3n del metabolismo de los l\u00edpidos<\/ul>\n<\/li>\n<\/ul>\n<p>&nbsp;<\/p>\n<ul>\n<li style=\"list-style-type: none;\">\n<ul>&#8211; regulaci\u00f3n de la captaci\u00f3n de glucosa<\/ul>\n<\/li>\n<\/ul>\n<p>&nbsp;<\/p>\n<ul>\n<li style=\"list-style-type: none;\">\n<ul>&#8211; beneficio en la microcirculaci\u00f3n<\/ul>\n<\/li>\n<\/ul>\n<p>&nbsp;<\/p>\n<ul>\n<li style=\"list-style-type: none;\">\n<ul>&#8211; antioxidante<\/ul>\n<\/li>\n<\/ul>\n<p>&nbsp;<\/p>\n<ul>&#8211; antiinflamatorio<\/ul>\n<p><strong>Oleurope\u00edna: <\/strong> Extracto de oliva titulada al 20% de oleurope\u00edna, una mol\u00e9cula con marcada actividad antirradical contra el colesterol LDL oxidado, mucho m\u00e1s marcada que otras mol\u00e9culas antioxidantes, incluida la vitamina E. La oleurope\u00edna tiene tambi\u00e9n funci\u00f3n reguladora de la concentraci\u00f3n de los niveles plasm\u00e1ticos de CT, colesterol LDL y HDL colesterol.<\/p>\n<p><strong>Propiedades de Oleurope\u00edna:<\/strong><\/p>\n<ul>\n<li style=\"list-style-type: none;\">\n<ul>&#8211; antioxidantes<\/ul>\n<\/li>\n<\/ul>\n<p>&nbsp;<\/p>\n<ul>\n<li style=\"list-style-type: none;\">\n<ul>&#8211; antiinflamatorio<\/ul>\n<\/li>\n<\/ul>\n<p>&nbsp;<\/p>\n<ul>\n<li style=\"list-style-type: none;\">\n<ul>&#8211; antiarr\u00edtmicos<\/ul>\n<\/li>\n<\/ul>\n<p>&nbsp;<\/p>\n<ul>\n<li style=\"list-style-type: none;\">\n<ul>&#8211; hipotensor<\/ul>\n<\/li>\n<\/ul>\n<p>&nbsp;<\/p>\n<ul>&#8211; espasmol\u00edticos en el m\u00fasculo liso intestinal<\/ul>\n","protected":false},"excerpt":{"rendered":"<p>Melacol es un complemento alimentario a base de extracto polifen\u00f3lico de manzana Annurca Campana IGP (Annurcomplex\u00ae) y extracto seco de olivo que favorece el metabolismo lip\u00eddico.<\/p>\n","protected":false},"featured_media":537,"template":"","meta":[],"product_brand":[],"product_cat":[19],"product_tag":[],"class_list":{"0":"post-228","1":"product","2":"type-product","3":"status-publish","4":"has-post-thumbnail","6":"product_cat-avd-medicals","8":"first","9":"instock","10":"sale","11":"taxable","12":"shipping-taxable","13":"purchasable","14":"product-type-simple"},"_links":{"self":[{"href":"https:\/\/dev01.lliuretic.cat\/avd\/webshopavd\/wp-json\/wp\/v2\/product\/228","targetHints":{"allow":["GET"]}}],"collection":[{"href":"https:\/\/dev01.lliuretic.cat\/avd\/webshopavd\/wp-json\/wp\/v2\/product"}],"about":[{"href":"https:\/\/dev01.lliuretic.cat\/avd\/webshopavd\/wp-json\/wp\/v2\/types\/product"}],"wp:featuredmedia":[{"embeddable":true,"href":"https:\/\/dev01.lliuretic.cat\/avd\/webshopavd\/wp-json\/wp\/v2\/media\/537"}],"wp:attachment":[{"href":"https:\/\/dev01.lliuretic.cat\/avd\/webshopavd\/wp-json\/wp\/v2\/media?parent=228"}],"wp:term":[{"taxonomy":"product_brand","embeddable":true,"href":"https:\/\/dev01.lliuretic.cat\/avd\/webshopavd\/wp-json\/wp\/v2\/product_brand?post=228"},{"taxonomy":"product_cat","embeddable":true,"href":"https:\/\/dev01.lliuretic.cat\/avd\/webshopavd\/wp-json\/wp\/v2\/product_cat?post=228"},{"taxonomy":"product_tag","embeddable":true,"href":"https:\/\/dev01.lliuretic.cat\/avd\/webshopavd\/wp-json\/wp\/v2\/product_tag?post=228"}],"curies":[{"name":"wp","href":"https:\/\/api.w.org\/{rel}","templated":true}]}}