{"id":235,"date":"2025-01-27T11:23:31","date_gmt":"2025-01-27T10:23:31","guid":{"rendered":"https:\/\/dev01.lliuretic.cat\/webshopavd\/?post_type=product&#038;p=235"},"modified":"2026-03-10T12:10:45","modified_gmt":"2026-03-10T11:10:45","slug":"immunity-assist-12","status":"publish","type":"product","link":"https:\/\/dev01.lliuretic.cat\/avd\/webshopavd\/producto\/immunity-assist-12\/","title":{"rendered":"Immunity Assist 12"},"content":{"rendered":"<p><strong>Immunity Assist 12<\/strong><br \/>\nComplemento alimenticio natural con \u03b2-glucanos de los hongos Reishi y Shiitake, Prop\u00f3leo MED\u00ae y gemoderivados (extractos de yemas y meristemas) seleccionados y espec\u00edficos, Immunity Assist 12 est\u00e1 formulado para ni\u00f1os a partir de tres a\u00f1os para favorecer las defensas naturales del organismo y la funcionalidad de las v\u00edas respiratorias superiores.<\/p>\n<p><strong>Propiedades<\/strong><\/p>\n<p>Gracias a la acci\u00f3n combinada de los principios activos contenidos, Immunity Assist 12 favorece las defensas inmunitarias fisiol\u00f3gicas, protegiendo de forma natural el organismo de las agresiones externas, especialmente en casos de mayor vulnerabilidad y susceptibilidad a problemas respiratorios recurrentes. El sabor agradable y delicado hace que el producto sea especialmente adecuado para ni\u00f1os a partir de tres a\u00f1os.<\/p>\n<p><strong>Ingredientes<\/strong><\/p>\n<p>Sirope de agave ecol\u00f3gico, betaglucanos extra\u00eddos de los hongos Reishi (Ganoderma lucidum) y Shiitake (Lentinula edodes) tit. &gt; 30% polisac\u00e1ridos, extracto hidroglic\u00e9rico de Prop\u00f3leo M.E.D.\u00ae titulado en polifenoles, gemoderivados de Ribes nigrum, brotes j\u00f3venes de Rosa canina, yemas de Prunus spinosa; aroma de fresa, \u00e1cido l\u00e1ctico, sorbato pot\u00e1sico, benzoato s\u00f3dico.<\/p>\n<p><strong>Modo de empleo<\/strong><\/p>\n<p>10 ml al d\u00eda preferentemente alejado de las comidas, durante el invierno y en los cambios de estaci\u00f3n.<\/p>\n<p><strong>Envase<\/strong><\/p>\n<p>Frasco de 200 ml de jarabe sabor fresa<\/p>\n","protected":false},"excerpt":{"rendered":"<p>Complemento alimenticio natural con \u03b2-glucanos de los hongos Reishi y Shiitake, Prop\u00f3leo MED\u00ae y gemoderivados (extractos de yemas y meristemas) seleccionados y espec\u00edficos, Immunity Assist 12 est\u00e1 formulado para ni\u00f1os a partir de tres a\u00f1os para favorecer las defensas naturales del organismo y la funcionalidad de las v\u00edas respiratorias superiores.<\/p>\n","protected":false},"featured_media":534,"template":"","meta":[],"product_brand":[],"product_cat":[19],"product_tag":[],"class_list":{"0":"post-235","1":"product","2":"type-product","3":"status-publish","4":"has-post-thumbnail","6":"product_cat-avd-medicals","8":"first","9":"instock","10":"sale","11":"taxable","12":"shipping-taxable","13":"purchasable","14":"product-type-simple"},"_links":{"self":[{"href":"https:\/\/dev01.lliuretic.cat\/avd\/webshopavd\/wp-json\/wp\/v2\/product\/235","targetHints":{"allow":["GET"]}}],"collection":[{"href":"https:\/\/dev01.lliuretic.cat\/avd\/webshopavd\/wp-json\/wp\/v2\/product"}],"about":[{"href":"https:\/\/dev01.lliuretic.cat\/avd\/webshopavd\/wp-json\/wp\/v2\/types\/product"}],"wp:featuredmedia":[{"embeddable":true,"href":"https:\/\/dev01.lliuretic.cat\/avd\/webshopavd\/wp-json\/wp\/v2\/media\/534"}],"wp:attachment":[{"href":"https:\/\/dev01.lliuretic.cat\/avd\/webshopavd\/wp-json\/wp\/v2\/media?parent=235"}],"wp:term":[{"taxonomy":"product_brand","embeddable":true,"href":"https:\/\/dev01.lliuretic.cat\/avd\/webshopavd\/wp-json\/wp\/v2\/product_brand?post=235"},{"taxonomy":"product_cat","embeddable":true,"href":"https:\/\/dev01.lliuretic.cat\/avd\/webshopavd\/wp-json\/wp\/v2\/product_cat?post=235"},{"taxonomy":"product_tag","embeddable":true,"href":"https:\/\/dev01.lliuretic.cat\/avd\/webshopavd\/wp-json\/wp\/v2\/product_tag?post=235"}],"curies":[{"name":"wp","href":"https:\/\/api.w.org\/{rel}","templated":true}]}}